by 108.
105
Calculate the remainder when 25636 is divided by 39.
13
Calculate the remainder when 2078 is divided by 2022.
56
What is the remainder when 182637 is divided by 91318?
1
What is the remainder when 32156 is divided by 67?
63
Calculate the remainder when 4790 is divided by 70.
30
Calculate the remainder when 3319 is divided by 3296.
23
What is the remainder when 669 is divided by 114?
99
What is the remainder when 16801 is divided by 11?
4
Calculate the remainder when 3092 is divided by 775.
767
Calculate the remainder when 23577 is divided by 374.
15
What is the remainder when 6595 is divided by 1864?
1003
Calculate the remainder when 642 is divided by 33.
15
Calculate the remainder when 96584 is divided by 14.
12
What is the remainder when 19271 is divided by 21?
14
Calculate the remainder when 2966 is divided by 937.
155
Calculate the remainder when 10519 is divided by 224.
215
What is the remainder when 124356 is divided by 4?
0
What is the remainder when 12107 is divided by 445?
92
Calculate the remainder when 3466 is divided by 2929.
537
What is the remainder when 9561 is divided by 955?
11
What is the remainder when 10569 is divided by 1053?
39
What is the remainder when 87311 is divided by 7275?
11
Calculate the remainder when 7295 is divided by 109.
101
What is the remainder when 190 is divided by 8?
6
What is the remainder when 163924 is divided by 54?
34
What is the remainder when 391 is divided by 6?
1
What is the remainder when 17601 is divided by 8?
1
Calculate the remainder when 46592 is divided by 605.
7
Calculate the remainder when 3681 is divided by 1110.
351
What is the remainder when 1792 is divided by 219?
40
Calculate the remainder when 50846 is divided by 25401.
44
Calculate the remainder when 54176 is divided by 220.
56
What is the remainder when 8965 is divided by 39?
34
What is the remainder when 27468 is divided by 66?
12
What is the remainder when 3464 is divided by 6?
2
Calculate the remainder when 19875 is divided by 795.
0
Calculate the remainder when 7841 is divided by 342.
317
What is the remainder when 383172 is divided by 844?
840
Calculate the remainder when 224446 is divided by 134.
130
What is the remainder when 2718 is divided by 1334?
50
Calculate the remainder when 675016 is divided by 673.
670
Calculate the remainder when 102565 is divided by 6.
1
What is the remainder when 53327 is divided by 109?
26
Calculate the remainder when 7873 is divided by 228.
121
Calculate the remainder when 2190 is divided by 54.
30
Calculate the remainder when 103639 is divided by 34.
7
Calculate the remainder when 100123 is divided by 801.
799
What is the remainder when 6694 is divided by 1172?
834
Calculate the remainder when 150147 is divided by 75070.
7
Calculate the remainder when 18270 is divided by 676.
18
Calculate the remainder when 3032 is divided by 4.
0
What is the remainder when 39376 is divided by 10?
6
Calculate the remainder when 22899 is divided by 50.
49
What is the remainder when 103750 is divided by 56?
38
Calculate the remainder when 141320 is divided by 69.
8
What is the remainder when 13888 is divided by 34?
16
What is the remainder when 1216517 is divided by 34?
31
What is the remainder when 4200 is divided by 1931?
338
What is the remainder when 210377 is divided by 386?
7
Calculate the remainder when 92873 is divided by 6633.
11
What is the remainder when 6793 is divided by 165?
28
Calculate the remainder when 1676 is divided by 334.
6
Calculate the remainder when 12766 is divided by 234.
130
Calculate the remainder when 335297 is divided by 29.
28
What is the remainder when 16257 is divided by 1361?
1286
Calculate the remainder when 181361 is divided by 7555.
41
What is the remainder when 239 is divided by 231?
8
Calculate the remainder when 15380 is divided by 287.
169
Calculate the remainder when 2898 is divided by 503.
383
What is the remainder when 15690 is divided by 463?
411
Calculate the remainder when 53860 is divided by 291.
25
What is the remainder when 34653 is divided by 137?
129
Calculate the remainder when 1693 is divided by 1503.
190
What is the remainder when 370 is divided by 294?
76
What is the remainder when 117233 is divided by 13?
12
Calculate the remainder when 10274 is divided by 3414.
32
Calculate the remainder when 2573 is divided by 592.
205
What is the remainder when 5718 is divided by 36?
30
What is the remainder when 99951 is divided by 1123?
4
What is the remainder when 6165 is divided by 2045?
30
What is the remainder when 240501 is divided by 106?
93
What is the remainder when 8850 is divided by 114?
72
Calculate the remainder when 250 is divided by 184.
66
Calculate the remainder when 236428 is divided by 639.
637
What is the remainder when 23495 is divided by 712?
711
Calculate the remainder when 4272 is divided by 4236.
36
What is the remainder when 1231 is divided by 310?
301
Calculate the remainder when 9721 is divided by 86.
3
What is the remainder when 11942 is divided by 5716?
510
Calculate the remainder when 492270 is divided by 2690.
0
What is the remainder when 1431 is divided by 20?
11
What is the remainder when 320037 is divided by 160014?
9
What is the remainder when 1362 is divided by 49?
39
What is the remainder when 1724 is divided by 1683?
41
Calculate the remainder when 613749 is divided by 239.
236
Calculate the remainder when 344531 is divided by 174.
11
What is the remainder when 51750 is divided by 62?
42
Calculate the remainder when 677 is divided by 221.
14
Calculate the remainder when 36541 is divided by 151.
150
What is the remainder when 7060 is divided by 6424?
636
Calculate the remainder when 222658 is divided by 45.
43
Calculate the remainder when 11676 is divided by 177.
171
Calculate the remainder when 12862 is divided by 307.
275
Calculate the remainder when 6348 is divided by 258.
156
What is the remainder when 633083 is divided by 9?
5
What is the remainder when 32036 is divided by 528?
356
What is the remainder when 11891 is divided by 9?
2
What is the remainder when 1985 is divided by 74?
61
What is the remainder when 67411 is divided by 9?
1
Calculate the remainder when 92209 is divided by 846.
841
What is the remainder when 549163 is divided by 43?
10
What is the remainder when 21476 is divided by 778?
470
Calculate the remainder when 475564 is divided by 12.
4
What is the remainder when 145338 is divided by 27?
24
Calculate the remainder when 676 is divided by 633.
43
What is the remainder when 11212 is divided by 71?
65
What is the remainder when 405674 is divided by 1211?
1200
Calculate the remainder when 3384 is divided by 3351.
33
Calculate the remainder when 11861 is divided by 1312.
53
What is the remainder when 53297 is divided by 13323?
5
What is the remainder when 227550 is divided by 111?
0
What is the remainder when 433161 is divided by 45?
36
What is the remainder when 9064 is divided by 395?
374
What is the remainder when 121802 is divided by 1032?
26
What is the remainder when 513 is divided by 71?
16
Calculate the remainder when 1229282 is divided by 301.
299
Calculate the remainder when 408792 is divided by 477.
3
What is the remainder when 62996 is divided by 253?
252
Calculate the remainder when 4478 is divided by 755.
703
What is the remainder when 1712671 is divided by 30?
1
What is the remainder when 3900 is divided by 63?
57
What is the remainder when 342239 is divided by 379?
2
What is the remainder when 153090 is divided by 22?
14
What is the remainder when 16826 is divided by 498?
392
What is the remainder when 29662 is divided by 335?
182
Calculate the remainder when 1911 is divided by 477.
3
Calculate the remainder when 6247 is divided by 1215.
172
What is the remainder when 23778 is divided by 205?
203
Calculate the remainder when 21897 is divided by 147.
141
Calculate the remainder when 13643 is divided by 4541.
20
Calculate the remainder when 643911 is divided by 83.
80
Calculate the remainder when 53769 is divided by 2688.
9
What is the remainder when 119407 is divided by 3730?
47
What is the remainder when 3879 is divided by 154?
29
Calculate the remainder when 46523 is divided by 298.
35
What is the remainder when 639355 is divided by 23?
1
What is the remainder when 2074 is di